{"id":3144,"date":"2016-11-15T19:35:32","date_gmt":"2016-11-15T18:35:32","guid":{"rendered":"http:\/\/www.gisam.ch\/timonpumba\/?page_id=3144"},"modified":"2017-05-21T12:25:19","modified_gmt":"2017-05-21T11:25:19","slug":"nos-videos","status":"publish","type":"page","link":"https:\/\/www.gisam.ch\/timonpumba\/?page_id=3144","title":{"rendered":"Nos Vid\u00e9os"},"content":{"rendered":"<p><span style=\"font-family: helvetica, arial, sans-serif;\">Toutes nos vid\u00e9os r\u00e9unies sur cette page pour prendre le temps de r\u00eaver en quelques minutes selon la destination de votre choix !<\/span><\/p>\n<!--[if lt IE 9]><script>document.createElement('video');<\/script><![endif]-->\n\t<div class=\"wp-playlist wp-video-playlist wp-playlist-light\">\n\t\t<video controls=\"controls\" preload=\"none\" width=\"738\"\n\t\t height=\"415\"\t><\/video>\n\t<div class=\"wp-playlist-next\"><\/div>\n\t<div class=\"wp-playlist-prev\"><\/div>\n\t<noscript>\n\t<ol>\n\t\t<li><a href='https:\/\/www.gisam.ch\/timonpumba\/wp-content\/uploads\/2016\/01\/India.mp4'>Inde<\/a><\/li><li><a href='https:\/\/www.gisam.ch\/timonpumba\/wp-content\/uploads\/2016\/02\/Myanmar-site.mp4'>Myanmar<\/a><\/li><li><a href='https:\/\/www.gisam.ch\/timonpumba\/wp-content\/uploads\/2016\/03\/Philippines.mp4'>Philippines<\/a><\/li><li><a href='https:\/\/www.gisam.ch\/timonpumba\/wp-content\/uploads\/2016\/04\/Japon-basse.mp4'>Japon essai 1<\/a><\/li><li><a href='https:\/\/www.gisam.ch\/timonpumba\/wp-content\/uploads\/2016\/04\/Japon-2.mp4'>Japon essai 2<\/a><\/li><li><a href='https:\/\/www.gisam.ch\/timonpumba\/wp-content\/uploads\/2016\/05\/Indonesia.mp4'>Indon\u00e9sie<\/a><\/li><li><a href='https:\/\/www.gisam.ch\/timonpumba\/wp-content\/uploads\/2016\/06\/Interview-6-mois.mp4'>Interview 6 mois<\/a><\/li><li><a href='https:\/\/www.gisam.ch\/timonpumba\/wp-content\/uploads\/2016\/06\/Nouvelle-Z\u00e9lande.mp4'>Nouvelle-Z\u00e9lande<\/a><\/li><li><a href='https:\/\/www.gisam.ch\/timonpumba\/wp-content\/uploads\/2016\/08\/Australie.mp4'>Australie<\/a><\/li><li><a href='https:\/\/www.gisam.ch\/timonpumba\/wp-content\/uploads\/2016\/08\/Singapour.mp4'>Singapour<\/a><\/li><li><a href='https:\/\/www.gisam.ch\/timonpumba\/wp-content\/uploads\/2016\/08\/Malaisie.mp4'>Malaisie<\/a><\/li><li><a href='https:\/\/www.gisam.ch\/timonpumba\/wp-content\/uploads\/2016\/09\/Sri-Lanka.mp4'>Sri-Lanka<\/a><\/li><li><a href='https:\/\/www.gisam.ch\/timonpumba\/wp-content\/uploads\/2016\/10\/Suisse.mp4'>Suisse<\/a><\/li><li><a href='https:\/\/www.gisam.ch\/timonpumba\/wp-content\/uploads\/2016\/12\/USA-Part-1.mp4'>USA - Partie 1<\/a><\/li><li><a href='https:\/\/www.gisam.ch\/timonpumba\/wp-content\/uploads\/2017\/02\/USA-Part-2.mp4'>USA - Partie 2<\/a><\/li><li><a href='https:\/\/www.gisam.ch\/timonpumba\/wp-content\/uploads\/2017\/03\/Timonpumba.mp4'>Timonpumba Best of<\/a><\/li>\t<\/ol>\n\t<\/noscript>\n\t<script type=\"application\/json\" class=\"wp-playlist-script\">{\"type\":\"video\",\"tracklist\":true,\"tracknumbers\":true,\"images\":true,\"artists\":true,\"tracks\":[{\"src\":\"https:\\\/\\\/www.gisam.ch\\\/timonpumba\\\/wp-content\\\/uploads\\\/2016\\\/01\\\/India.mp4\",\"type\":\"video\\\/mp4\",\"title\":\"Inde\",\"caption\":\"India\",\"description\":\"India\",\"meta\":{\"length_formatted\":\"6:22\"},\"dimensions\":{\"original\":{\"width\":960,\"height\":540},\"resized\":{\"width\":738,\"height\":415}},\"image\":{\"src\":\"https:\\\/\\\/www.gisam.ch\\\/timonpumba\\\/wp-includes\\\/images\\\/media\\\/video.png\",\"width\":48,\"height\":64},\"thumb\":{\"src\":\"https:\\\/\\\/www.gisam.ch\\\/timonpumba\\\/wp-includes\\\/images\\\/media\\\/video.png\",\"width\":48,\"height\":64}},{\"src\":\"https:\\\/\\\/www.gisam.ch\\\/timonpumba\\\/wp-content\\\/uploads\\\/2016\\\/02\\\/Myanmar-site.mp4\",\"type\":\"video\\\/mp4\",\"title\":\"Myanmar\",\"caption\":\"Myanmar\",\"description\":\"Myanmar\",\"meta\":{\"length_formatted\":\"5:50\"},\"dimensions\":{\"original\":{\"width\":960,\"height\":540},\"resized\":{\"width\":738,\"height\":415}},\"image\":{\"src\":\"https:\\\/\\\/www.gisam.ch\\\/timonpumba\\\/wp-includes\\\/images\\\/media\\\/video.png\",\"width\":48,\"height\":64},\"thumb\":{\"src\":\"https:\\\/\\\/www.gisam.ch\\\/timonpumba\\\/wp-includes\\\/images\\\/media\\\/video.png\",\"width\":48,\"height\":64}},{\"src\":\"https:\\\/\\\/www.gisam.ch\\\/timonpumba\\\/wp-content\\\/uploads\\\/2016\\\/03\\\/Philippines.mp4\",\"type\":\"video\\\/mp4\",\"title\":\"Philippines\",\"caption\":\"Philippines\",\"description\":\"Philippines\",\"meta\":{\"length_formatted\":\"4:00\"},\"dimensions\":{\"original\":{\"width\":1280,\"height\":720},\"resized\":{\"width\":738,\"height\":415}},\"image\":{\"src\":\"https:\\\/\\\/www.gisam.ch\\\/timonpumba\\\/wp-includes\\\/images\\\/media\\\/video.png\",\"width\":48,\"height\":64},\"thumb\":{\"src\":\"https:\\\/\\\/www.gisam.ch\\\/timonpumba\\\/wp-includes\\\/images\\\/media\\\/video.png\",\"width\":48,\"height\":64}},{\"src\":\"https:\\\/\\\/www.gisam.ch\\\/timonpumba\\\/wp-content\\\/uploads\\\/2016\\\/04\\\/Japon-basse.mp4\",\"type\":\"video\\\/mp4\",\"title\":\"Japon essai 1\",\"caption\":\"Japon No1\",\"description\":\"Japon No1\",\"meta\":{\"length_formatted\":\"6:01\"},\"dimensions\":{\"original\":{\"width\":960,\"height\":540},\"resized\":{\"width\":738,\"height\":415}},\"image\":{\"src\":\"https:\\\/\\\/www.gisam.ch\\\/timonpumba\\\/wp-includes\\\/images\\\/media\\\/video.png\",\"width\":48,\"height\":64},\"thumb\":{\"src\":\"https:\\\/\\\/www.gisam.ch\\\/timonpumba\\\/wp-includes\\\/images\\\/media\\\/video.png\",\"width\":48,\"height\":64}},{\"src\":\"https:\\\/\\\/www.gisam.ch\\\/timonpumba\\\/wp-content\\\/uploads\\\/2016\\\/04\\\/Japon-2.mp4\",\"type\":\"video\\\/mp4\",\"title\":\"Japon essai 2\",\"caption\":\"Japon No2\",\"description\":\"Japon No2\",\"meta\":{\"length_formatted\":\"5:42\"},\"dimensions\":{\"original\":{\"width\":960,\"height\":540},\"resized\":{\"width\":738,\"height\":415}},\"image\":{\"src\":\"https:\\\/\\\/www.gisam.ch\\\/timonpumba\\\/wp-includes\\\/images\\\/media\\\/video.png\",\"width\":48,\"height\":64},\"thumb\":{\"src\":\"https:\\\/\\\/www.gisam.ch\\\/timonpumba\\\/wp-includes\\\/images\\\/media\\\/video.png\",\"width\":48,\"height\":64}},{\"src\":\"https:\\\/\\\/www.gisam.ch\\\/timonpumba\\\/wp-content\\\/uploads\\\/2016\\\/05\\\/Indonesia.mp4\",\"type\":\"video\\\/mp4\",\"title\":\"Indon\\u00e9sie\",\"caption\":\"Indon\\u00e9sie\",\"description\":\"Indon\\u00e9sie\",\"meta\":{\"length_formatted\":\"3:40\"},\"dimensions\":{\"original\":{\"width\":1280,\"height\":720},\"resized\":{\"width\":738,\"height\":415}},\"image\":{\"src\":\"https:\\\/\\\/www.gisam.ch\\\/timonpumba\\\/wp-includes\\\/images\\\/media\\\/video.png\",\"width\":48,\"height\":64},\"thumb\":{\"src\":\"https:\\\/\\\/www.gisam.ch\\\/timonpumba\\\/wp-includes\\\/images\\\/media\\\/video.png\",\"width\":48,\"height\":64}},{\"src\":\"https:\\\/\\\/www.gisam.ch\\\/timonpumba\\\/wp-content\\\/uploads\\\/2016\\\/06\\\/Interview-6-mois.mp4\",\"type\":\"video\\\/mp4\",\"title\":\"Interview 6 mois\",\"caption\":\"Interview 6 mois\",\"description\":\"Interview 6 mois\",\"meta\":{\"length_formatted\":\"4:22\"},\"dimensions\":{\"original\":{\"width\":1280,\"height\":720},\"resized\":{\"width\":738,\"height\":415}},\"image\":{\"src\":\"https:\\\/\\\/www.gisam.ch\\\/timonpumba\\\/wp-includes\\\/images\\\/media\\\/video.png\",\"width\":48,\"height\":64},\"thumb\":{\"src\":\"https:\\\/\\\/www.gisam.ch\\\/timonpumba\\\/wp-includes\\\/images\\\/media\\\/video.png\",\"width\":48,\"height\":64}},{\"src\":\"https:\\\/\\\/www.gisam.ch\\\/timonpumba\\\/wp-content\\\/uploads\\\/2016\\\/06\\\/Nouvelle-Z\\u00e9lande.mp4\",\"type\":\"video\\\/mp4\",\"title\":\"Nouvelle-Z\\u00e9lande\",\"caption\":\"Nouvelle-Z\\u00e9lande\",\"description\":\"Nouvelle-Z\\u00e9lande\",\"meta\":{\"length_formatted\":\"5:23\"},\"dimensions\":{\"original\":{\"width\":1280,\"height\":720},\"resized\":{\"width\":738,\"height\":415}},\"image\":{\"src\":\"https:\\\/\\\/www.gisam.ch\\\/timonpumba\\\/wp-includes\\\/images\\\/media\\\/video.png\",\"width\":48,\"height\":64},\"thumb\":{\"src\":\"https:\\\/\\\/www.gisam.ch\\\/timonpumba\\\/wp-includes\\\/images\\\/media\\\/video.png\",\"width\":48,\"height\":64}},{\"src\":\"https:\\\/\\\/www.gisam.ch\\\/timonpumba\\\/wp-content\\\/uploads\\\/2016\\\/08\\\/Australie.mp4\",\"type\":\"video\\\/mp4\",\"title\":\"Australie\",\"caption\":\"Australie\",\"description\":\"Australie\",\"meta\":{\"length_formatted\":\"6:19\"},\"dimensions\":{\"original\":{\"width\":1280,\"height\":720},\"resized\":{\"width\":738,\"height\":415}},\"image\":{\"src\":\"https:\\\/\\\/www.gisam.ch\\\/timonpumba\\\/wp-includes\\\/images\\\/media\\\/video.png\",\"width\":48,\"height\":64},\"thumb\":{\"src\":\"https:\\\/\\\/www.gisam.ch\\\/timonpumba\\\/wp-includes\\\/images\\\/media\\\/video.png\",\"width\":48,\"height\":64}},{\"src\":\"https:\\\/\\\/www.gisam.ch\\\/timonpumba\\\/wp-content\\\/uploads\\\/2016\\\/08\\\/Singapour.mp4\",\"type\":\"video\\\/mp4\",\"title\":\"Singapour\",\"caption\":\"Singapour\",\"description\":\"Singapour\",\"meta\":{\"length_formatted\":\"2:27\"},\"dimensions\":{\"original\":{\"width\":1280,\"height\":720},\"resized\":{\"width\":738,\"height\":415}},\"image\":{\"src\":\"https:\\\/\\\/www.gisam.ch\\\/timonpumba\\\/wp-includes\\\/images\\\/media\\\/video.png\",\"width\":48,\"height\":64},\"thumb\":{\"src\":\"https:\\\/\\\/www.gisam.ch\\\/timonpumba\\\/wp-includes\\\/images\\\/media\\\/video.png\",\"width\":48,\"height\":64}},{\"src\":\"https:\\\/\\\/www.gisam.ch\\\/timonpumba\\\/wp-content\\\/uploads\\\/2016\\\/08\\\/Malaisie.mp4\",\"type\":\"video\\\/mp4\",\"title\":\"Malaisie\",\"caption\":\"Malaisie\",\"description\":\"Malaisie\",\"meta\":{\"length_formatted\":\"3:39\"},\"dimensions\":{\"original\":{\"width\":1280,\"height\":720},\"resized\":{\"width\":738,\"height\":415}},\"image\":{\"src\":\"https:\\\/\\\/www.gisam.ch\\\/timonpumba\\\/wp-includes\\\/images\\\/media\\\/video.png\",\"width\":48,\"height\":64},\"thumb\":{\"src\":\"https:\\\/\\\/www.gisam.ch\\\/timonpumba\\\/wp-includes\\\/images\\\/media\\\/video.png\",\"width\":48,\"height\":64}},{\"src\":\"https:\\\/\\\/www.gisam.ch\\\/timonpumba\\\/wp-content\\\/uploads\\\/2016\\\/09\\\/Sri-Lanka.mp4\",\"type\":\"video\\\/mp4\",\"title\":\"Sri-Lanka\",\"caption\":\"Sri-Lanka\",\"description\":\"Sri-Lanka\",\"meta\":{\"length_formatted\":\"2:35\"},\"dimensions\":{\"original\":{\"width\":1280,\"height\":720},\"resized\":{\"width\":738,\"height\":415}},\"image\":{\"src\":\"https:\\\/\\\/www.gisam.ch\\\/timonpumba\\\/wp-includes\\\/images\\\/media\\\/video.png\",\"width\":48,\"height\":64},\"thumb\":{\"src\":\"https:\\\/\\\/www.gisam.ch\\\/timonpumba\\\/wp-includes\\\/images\\\/media\\\/video.png\",\"width\":48,\"height\":64}},{\"src\":\"https:\\\/\\\/www.gisam.ch\\\/timonpumba\\\/wp-content\\\/uploads\\\/2016\\\/10\\\/Suisse.mp4\",\"type\":\"video\\\/mp4\",\"title\":\"Suisse\",\"caption\":\"Suisse\",\"description\":\"Suisse\",\"meta\":{\"length_formatted\":\"2:34\"},\"dimensions\":{\"original\":{\"width\":1280,\"height\":720},\"resized\":{\"width\":738,\"height\":415}},\"image\":{\"src\":\"https:\\\/\\\/www.gisam.ch\\\/timonpumba\\\/wp-includes\\\/images\\\/media\\\/video.png\",\"width\":48,\"height\":64},\"thumb\":{\"src\":\"https:\\\/\\\/www.gisam.ch\\\/timonpumba\\\/wp-includes\\\/images\\\/media\\\/video.png\",\"width\":48,\"height\":64}},{\"src\":\"https:\\\/\\\/www.gisam.ch\\\/timonpumba\\\/wp-content\\\/uploads\\\/2016\\\/12\\\/USA-Part-1.mp4\",\"type\":\"video\\\/mp4\",\"title\":\"USA - Partie 1\",\"caption\":\"USA - Partie 1\",\"description\":\"USA - Partie 1\",\"meta\":{\"length_formatted\":\"3:33\"},\"dimensions\":{\"original\":{\"width\":1280,\"height\":720},\"resized\":{\"width\":738,\"height\":415}},\"image\":{\"src\":\"https:\\\/\\\/www.gisam.ch\\\/timonpumba\\\/wp-includes\\\/images\\\/media\\\/video.png\",\"width\":48,\"height\":64},\"thumb\":{\"src\":\"https:\\\/\\\/www.gisam.ch\\\/timonpumba\\\/wp-includes\\\/images\\\/media\\\/video.png\",\"width\":48,\"height\":64}},{\"src\":\"https:\\\/\\\/www.gisam.ch\\\/timonpumba\\\/wp-content\\\/uploads\\\/2017\\\/02\\\/USA-Part-2.mp4\",\"type\":\"video\\\/mp4\",\"title\":\"USA - Partie 2\",\"caption\":\"USA - Partie 2\",\"description\":\"USA - Partie 2\",\"meta\":{\"length_formatted\":\"2:44\"},\"dimensions\":{\"original\":{\"width\":1280,\"height\":720},\"resized\":{\"width\":738,\"height\":415}},\"image\":{\"src\":\"https:\\\/\\\/www.gisam.ch\\\/timonpumba\\\/wp-includes\\\/images\\\/media\\\/video.png\",\"width\":48,\"height\":64},\"thumb\":{\"src\":\"https:\\\/\\\/www.gisam.ch\\\/timonpumba\\\/wp-includes\\\/images\\\/media\\\/video.png\",\"width\":48,\"height\":64}},{\"src\":\"https:\\\/\\\/www.gisam.ch\\\/timonpumba\\\/wp-content\\\/uploads\\\/2017\\\/03\\\/Timonpumba.mp4\",\"type\":\"video\\\/mp4\",\"title\":\"Timonpumba Best of\",\"caption\":\"Timonpumba Best of\",\"description\":\"Timonpumba Best of\",\"meta\":{\"length_formatted\":\"5:04\"},\"dimensions\":{\"original\":{\"width\":\"1280\",\"height\":\"720\"},\"resized\":{\"width\":738,\"height\":415}},\"image\":{\"src\":\"https:\\\/\\\/www.gisam.ch\\\/timonpumba\\\/wp-includes\\\/images\\\/media\\\/video.png\",\"width\":48,\"height\":64},\"thumb\":{\"src\":\"https:\\\/\\\/www.gisam.ch\\\/timonpumba\\\/wp-includes\\\/images\\\/media\\\/video.png\",\"width\":48,\"height\":64}}]}<\/script>\n<\/div>\n\t\n","protected":false},"excerpt":{"rendered":"<p>Toutes nos vid\u00e9os r\u00e9unies sur cette page pour prendre le temps de r\u00eaver en quelques minutes selon la destination de votre choix !<\/p>\n","protected":false},"author":1,"featured_media":0,"parent":0,"menu_order":0,"comment_status":"closed","ping_status":"closed","template":"","meta":{"jetpack_post_was_ever_published":false},"_links":{"self":[{"href":"https:\/\/www.gisam.ch\/timonpumba\/index.php?rest_route=\/wp\/v2\/pages\/3144"}],"collection":[{"href":"https:\/\/www.gisam.ch\/timonpumba\/index.php?rest_route=\/wp\/v2\/pages"}],"about":[{"href":"https:\/\/www.gisam.ch\/timonpumba\/index.php?rest_route=\/wp\/v2\/types\/page"}],"author":[{"embeddable":true,"href":"https:\/\/www.gisam.ch\/timonpumba\/index.php?rest_route=\/wp\/v2\/users\/1"}],"replies":[{"embeddable":true,"href":"https:\/\/www.gisam.ch\/timonpumba\/index.php?rest_route=%2Fwp%2Fv2%2Fcomments&post=3144"}],"version-history":[{"count":7,"href":"https:\/\/www.gisam.ch\/timonpumba\/index.php?rest_route=\/wp\/v2\/pages\/3144\/revisions"}],"predecessor-version":[{"id":3535,"href":"https:\/\/www.gisam.ch\/timonpumba\/index.php?rest_route=\/wp\/v2\/pages\/3144\/revisions\/3535"}],"wp:attachment":[{"href":"https:\/\/www.gisam.ch\/timonpumba\/index.php?rest_route=%2Fwp%2Fv2%2Fmedia&parent=3144"}],"curies":[{"name":"wp","href":"https:\/\/api.w.org\/{rel}","templated":true}]}}